tor of 731768?
True
Is 25 a factor of 64175?
True
Does 41 divide 284968?
False
Is 8 a factor of 546856?
True
Is 209760 a multiple of 456?
True
Is 572724 a multiple of 15?
False
Is 25 a factor of 1800187?
False
Does 50 divide 100800?
True
Is 101216 a multiple of 14?
False
Is 203256 a multiple of 108?
True
Does 30 divide 2828760?
True
Does 100 divide 442421?
False
Is 136119 a multiple of 65?
False
Does 973 divide 353439?
False
Is 10589787 a multiple of 11?
False
Is 208 a factor of 36125?
False
Is 296604 a multiple of 63?
True
Does 10 divide 2635830?
True
Does 3 divide 4491?
True
Is 199 a factor of 2100047?
True
Is 3479504 a multiple of 1322?
True
Is 171 a factor of 3284910?
True
Is 50 a factor of 80050?
True
Is 1106953 a multiple of 23?
False
Does 6 divide 368454?
True
Does 11 divide 135267?
True
Is 412 a factor of 113300?
True
Is 306 a factor of 134820?
False
Does 335 divide 142710?
True
Is 2194328 a multiple of 13?
False
Is 189 a factor of 125951?
False
Is 57 a factor of 1213131?
True
Is 10 a factor of 2393151?
False
Is 9 a factor of 477223?
False
Does 9 divide 102816?
True
Is 1721258 a multiple of 11?
True
Does 402 divide 200598?
True
Does 39 divide 299793?
True
Is 1842662 a multiple of 43?
False
Does 23 divide 17094796?
True
Is 214194 a multiple of 87?
True
Does 63 divide 1866016?
False
Is 218 a factor of 694984?
True
Does 656 divide 2172237?
False
Is 276345 a multiple of 434?
False
Does 6 divide 113724?
True
Is 3325989 a multiple of 18?
False
Is 2 a factor of 910388?
True
Is 30 a factor of 36210?
True
Is 141 a factor of 516201?
True
Is 4122480 a multiple of 15?
True
Does 52 divide 4248972?
True
Is 2519451 a multiple of 10?
False
Is 393390 a multiple of 270?
True
Does 178 divide 4408526?
True
Does 39 divide 1310985?
True
Is 108 a factor of 25008793?
False
Is 37480 a multiple of 5?
True
Is 187034 a multiple of 17?
True
Is 1715844 a multiple of 442?
True
Is 52 a factor of 13689884?
True
Is 8 a factor of 17536?
True
Is 746067 a multiple of 640?
False
Does 222 divide 77922?
True
Is 285628 a multiple of 36?
False
Is 98 a factor of 45374?
True
Does 180 divide 135028?
False
Is 62 a factor of 73375?
False
Does 419 divide 1807088?
False
Is 40 a factor of 11960560?
True
Is 14674606 a multiple of 73?
True
Does 1201 divide 16955800?
False
Is 304302 a multiple of 24?
False
Is 341617 a multiple of 349?
False
Is 1872 a factor of 11437920?
True
Is 478 a factor of 20575510?
True
Is 358 a factor of 1625861?
False
Is 228774 a multiple of 182?
True
Does 350 divide 1381450?
True
Is 224719 a multiple of 96?
False
Is 11198 a multiple of 11?
True
Is 584833 a multiple of 20?
False
Is 24 a factor of 257016?
True
Is 16 a factor of 6319627?
False
Is 141 a factor of 88920?
False
Is 1008176 a multiple of 13?
True
Is 1235466 a multiple of 137?
True
Is 8 a factor of 242236?
False
Is 6234340 a multiple of 162?
False
Is 98 a factor of 58247?
False
Does 28 divide 87406?
False
Does 161 divide 20023409?
True
Is 67869 a multiple of 2?
False
Does 96 divide 4645170?
False
Is 337274 a multiple of 50?
False
Is 17 a factor of 93636?
True
Is 70401 a multiple of 6?
False
Is 52 a factor of 753195?
False
Does 42 divide 136164?
True
Is 305485 a multiple of 571?
True
Is 1284 a factor of 456143?
False
Is 469 a factor of 410844?
True
Is 437533 a multiple of 13?
False
Is 81 a factor of 254299?
False
Is 13 a factor of 47817?
False
Does 584 divide 5946916?
False
Does 648 divide 867891?
False
Does 22 divide 8514559?
False
Does 5 divide 282325?
True
Is 1517462 a multiple of 13?
False
Is 31 a factor of 1020582?
True
Does 197 divide 149917?
True
Is 290 a factor of 1653870?
True
Is 41446 a multiple of 53?
True
Is 5619788 a multiple of 83?
False
Is 1379237 a multiple of 291?
False
Is 75 a factor of 51450?
True
Does 18 divide 6168528?
True
Is 86 a factor of 6390943?
False
Does 2 divide 2656300?
True
Is 1849555 a multiple of 19?
True
Does 90 divide 284028?
False
Is 2 a factor of 41094?
True
Is 635 a factor of 514149?
False
Is 1277885 a multiple of 203?
True
Is 511031 a multiple of 47?
True
Does 25 divide 21400?
True
Is 382 a factor of 8404?
True
Is 49 a factor of 164322?
False
Is 81945 a multiple of 86?
False
Is 7801640 a multiple of 1192?
True
Is 654003 a multiple of 21?
True
Is 102505 a multiple of 19?
True
Is 275286 a multiple of 86?
True
Is 10 a factor of 21122?
False
Is 188721 a multiple of 117?
True
Is 259636 a multiple of 13?
True
Is 139 a factor of 854572?
True
Is 852 a factor of 2657819?
False
Is 187619 a multiple of 15?
False
Does 14 divide 5218944?
False
Is 659464 a multiple of 52?
True
Is 2707075 a multiple of 499?
True
Does 347 divide 465674?
True
Is 191791 a multiple of 17?
False
Does 14 divide 63294?
True
Does 831 divide 4338959?
False
Does 266 divide 4927437?
False
Is 216 a factor of 3717792?
True
Does 18 divide 86472?
True
Is 1414668 a multiple of 12?
True
Does 17 divide 6140248?
False
Does 9 divide 1635608?
False
Does 14 divide 176819?
False
Does 118 divide 38914?
False
Is 1248 a factor of 646829?
False
Does 69 divide 1017612?
True
Is 3256236 a multiple of 18?
True
Does 14 divide 6608?
True
Is 97 a factor of 502654?
True
Does 173 divide 92706?
False
Does 669 divide 560339?
False
Is 89 a factor of 169026?
False
Is 268806 a multiple of 213?
True
Is 14105953 a multiple of 103?
True
Does 746 divide 358706?
False
Is 921540 a multiple of 15?
True
Is 62001 a multiple of 105?
False
Does 18 divide 2671829?
False
Is 407 a factor of 791208?
True
Is 46527 a multiple of 51?
False
Does 3 divide 21643?
False
Is 117455 a multiple of 9?
False
Is 13 a factor of 898705?
False
Is 82071 a multiple of 33?
True
Does 28 divide 354431?
False
Is 189290 a multiple of 14?
False
Is 75504 a multiple of 52?
True
Does 11 divide 1308032?
True
Does 58 divide 69345?
False
Is 25 a factor of 8405217?
False
Is 83055 a multiple of 28?
False
Is 1138053 a multiple of 44?
False
Does 155 divide 464806?
False
Does 220 divide 989560?
True
Is 951 a factor of 6635127?
True
Does 36 divide 36966?
False
Is 57 a factor of 89922?
False
Does 65 divide 232142?
False
Is 494951 a multiple of 21?
False
Is 10 a factor of 353429?
False
Is 58 a factor of 2285859?
False
Is 416815 a multiple of 35?
True
Is 115404 a multiple of 358?
False
Is 1976381 a multiple of 6?
False
Is 142 a factor of 191370?
False
Is 44 a factor of 4255108?
True
Does 490 divide 444972?
False
Does 185 divide 465617?
False
Is 656780 a multiple of 29?
False
Does 25 divide 171729?
False
Is 1231844 a multiple of 308?
False
Is 532542 a multiple of 51?
True
Is 82 a factor of 127721?
False
Is 6 a factor of 25500?
True
Is 16 a factor of 41093?
False
Is 9 a factor of 7083?
True
Is 19352 a multiple of 96?
False
Is 5522244 a multiple of 4?
True
Is 3291070 a multiple of 410?
True
Is 12 a factor of 552144?
True
Is 371693 a multiple of 454?
False
Is 423326 a multiple of 602?
False
Is 55 a factor of 1079251?
False
Does 20 divide 41089?
False
Does 60 divide 267999?
False
Is 25389 a multiple of 26?
False
Is 376512 a multiple of 16?
True
Is 641708 a multiple of 57?
False
Is 73 a factor of 40614937?
True
Is 705008 even?
True
Does 6 divide 2874368?
False
Does 49 divide 7840?
True
Is 88 a factor of 1406?
False
Is 599 a factor of 18873?
False
Does 21 divide 2706?
False
Is 1066571 a multiple of 22?
False
Does 6 divide 4158?
True
Is 1170 a factor of 2103556?
False
Does 40 divide 681200?
True
Does 11 divide 431109?
False
Is 4382685 a multiple of 15?
True
Is 954072 a multiple of 168?
True
Does 161 divide 11815197?
False
Is 149530 a multiple of 280?
False
Is 10540633 a multiple of 2226?
False
Is 20703 a multiple of 10?
False
Is 108901 a multiple of 33?
False
Does 62 divide 340566?
True
Is 10 a factor of 826858?
False
Is 5588719 a multiple of 26?
False
Is 19 a factor of 143089?
True
Does 23 divide 4350815?
False
Is 27 a factor of 14364?
True
Is 386 a factor of 333519?
False
Is 225584 a multiple of 195?
False
Does 6 divide 147876?
True
Is 4731840 a multiple of 212?
True
Does 8 divide 1017144?
True
Does 99 divide 13996125?
True
Is 10 a factor of 33403854?
False
Does 25 divide 9456638?
False
Is 76 a factor of 2017766?
False
Is 32015 a multiple of 5?
True
Is 20747972 a multiple of 557?
False
Is 68110 a multiple of 98?
True
Does 430 divide 1125577?
False
Does 29 divide 349218?
True
Is 32334 a multiple